 y(4).
14
Let d(t) = t**3 - 11*t**2 + 10*t + 7. Let v(a) = -2*a**3 + 21*a**2 - 19*a - 13. Suppose -48 - 7 = 5*p. Let z(l) = p*d(l) - 6*v(l). Determine z(3).
-5
Let r(j) be the third derivative of j**4/8 + j**3 + 4*j**2 - 39. Calculate r(5).
21
Let d be 21/((-1764)/96)*(-14)/4. Let k(h) = h**2 - 2*h + 6. Determine k(d).
14
Let i(t) = -5*t - 19. Let c(m) = -m - 4. Let l(h) = 11*c(h) - 2*i(h). Let p(a) = 5*a + 6. Let z be p(-3). Calculate l(z).
3
Suppose -w - 2*m + 15 = 8, -2*w + 13 = 5*m. Let r(h) = h**3 - 10*h**2 + 8*h. Calculate r(w).
-9
Suppose 0 = -7*d + 41 - 6. Suppose d*q = -2*p - 0*q + 18, -4*q + 12 = 4*p. Let v(j) = j**2 + 2*j + 1. What is v(p)?
0
Let i(m) = -m**2 + 3*m + 5. Let y be i(-5). Let v be y/(-14) + (-1)/(-2). Let w(d) = 3*d - 3. Calculate w(v).
6
Suppose -2*v - 2*f + 8 = -12, -2*v = -2*f - 24. Let a(b) = b**2 - 9*b. Calculate a(v).
22
Let z(b) = -13*b**2 - 9035 + 16*b + b**3 - 2*b**2 + 9030 - 5*b**2 + 4*b**2. What is z(15)?
10
Let c(l) = l**3 + 5*l**2 - 7*l - 3. Suppose 5*j - 5*x + 53 = 13, -5*x = -10. What is c(j)?
3
Suppose -9 = -52*v + 49*v. Let g(n) = -4*n + 1. Calculate g(v).
-11
Let c = -15 + 10. Let q(k) be the second derivative of 3*k**2 + 0 + 1/3*k**3 + 9*k. Calculate q(c).
-4
Let b(f) = -5*f**2 + 5*f + 0*f + f**3 + 3*f + 15*f**2 + 10 + 3*f. Determine b(-9).
-8
Suppose -2*w = 297 + 433. Let z be w/(-15) + (-1)/3. Let m = -21 + z. Let q(p) = -p**3 + 3*p**2 - 1. Determine q(m).
-1
Let j be 6/(-4)*(-32)/3. Suppose -44*d - j = -40*d. Let w(q) = -q + 5. Calculate w(d).
9
Let w(u) = 2*u - 1. Let q(s) = 2*s**2 - 2*s + 2. Let g(h) = -q(h) - 3*w(h). Give g(4).
-47
Suppose -2*o = -0*o - 6. Let y(q) = -o + q + 3*q + 0. Let h(d) = d**2 + 49*d + 392. Let r be h(-39). What is y(r)?
5
Suppose 122 = -50*f + 22. Let i(s) = s - 2. Calculate i(f).
-4
Let a(f) = 6*f**2 + 133*f - 269*f + 139*f. What is a(-2)?
18
Let m(g) = -g**2 - 3*g + 2. Suppose -2*w + 30 = 4*w. Let j be 3/w + 165/(-25). Give m(j).
-16
Let k be 94/(-3) - 6/(-18). Let b = -10 - k. Let f(c) = c - 9*c**2 + b*c**2 - 14*c**2 + 1. Determine f(3).
-14
Suppose -9*r = -4*z - 11*r - 4, -3*r - 6 = -4*z. Let v(a) be the second derivative of z + 1/2*a**2 + 5/6*a**3 - 1/12*a**4 - 4*a. Give v(6).
-5
Let y(b) = 5 - 5*b + 2 - 6*b**2 - 2*b + 3*b - b**3. Suppose 5*i + 5 = 0, 18 = -4*a - 3*i + 5*i. Calculate y(a).
2
Let l(h) = -h**3 - 12*h**2 + 3*h + 12. Let a be l(-12). Let w = a + 42. Let z(b) = -2 - w*b + 19*b + 3. What is z(-5)?
-4
Suppose 42*m - 54*m + 72 = 0. Let g(d) = -d**2 + 4*d - 4. What is g(m)?
-16
Let u(f) = -4*f**2 + 352*f - 341*f + 7*f**2 + 10 - 2*f**2. Calculate u(-10).
0
Suppose 721*l + 15 = 724*l. Let d(k) = 2*k + 5. Give d(l).
15
Let l = 4 + -2. Let c(v) = 6 + 2*v - 3*v + l*v - 8. Calculate c(-6).
-8
Let y(n) = -6 - 15*n + n**2 - 4 + 2*n + 6*n + 2*n. Calculate y(5).
-10
Let g = -3 + 5. Suppose 0 = -3*d - g*d + 10. Suppose 0*b + 10 = 2*b - 4*p, 7 = 3*b + d*p. Let f(q) = q - 7. Give f(b).
-4
Let g = -34 - -28. Let v(n) = 10 + 3*n + n**2 - n + 6*n - 14. Calculate v(g).
-16
Let f be (5/(-4))/((-3)/12). Let r(q) = -4 + 2*q**2 + 3*q - 5*q**2 + f + q**3 - 4. Let k = 16 + -13. Give r(k).
6
Let p(a) be the second derivative of -a**5/20 + 13*a**4/12 + 2*a**2 - 6*a. Determine p(13).
4
Let j(i) = i**3 - 8*i**2 - 8. Suppose -28*s + 320 = 12*s. Give j(s).
-8
Let k = -22 - -11. Let t = -361 + 355. Let w(b) = -13*b**3 - 9*b**2 - 13*b + 2. Let g(v) = 7*v**3 + 5*v**2 + 7*v - 1. Let z(n) = k*g(n) + t*w(n). What is z(1)?
0
Let i(c) be the second derivative of c**4/12 + 2*c**3/3 + 2*c**2 + 152*c. Calculate i(-2).
0
Let d(t) be the first derivative of t**4/4 - t**3/3 - 2*t**2 - 3*t + 33. What is d(-2)?
-7
Let p be -3 + -2*(-3)/(-6). Let d be (-10 + 8)*(-6)/p. Let z(f) = f**3 - 3*f**2 + 4. Let s(c) = 2*c**3 - 5*c**2 + 8. Let i(j) = -6*s(j) + 11*z(j). Give i(d).
-4
Let u(w) = 5*w**3 - 21*w**3 + 1 + 5*w**3. Give u(-1).
12
Suppose 2*m = -z, 4*m = -z - 0*m + 8. Let l(i) = -i**2 - 7*i + 6. Give l(z).
-2
Let s(p) = -15*p**3 + 38*p**2 + 3*p - 15. Let k(a) = 7*a**3 - 18*a**2 - a + 7. Let h(o) = 13*k(o) + 6*s(o). Calculate h(6).
31
Let x(a) = -49*a + a**2 - 45*a + 13 + 143*a - 50*a. Give x(0).
13
Let t(r) = 16*r**2 - 1. Let x be (2/(-8))/((-14)/(-56)). Calculate t(x).
15
Let r(n) = n**2 - 5*n - 3. Let t(k) be the third derivative of -k**5/60 + k**4/6 + k**3/2 - 31*k**2. Let q(b) = -2*r(b) - 3*t(b). Determine q(-2).
5
Let f(w) = w**2 - 8*w + 4. Let m be -20 + (1 - ((-4)/(-2) + -3)). Let j be m/(-10)*(-140)/(-42). Determine f(j).
-8
Let x(r) = 11*r**2 - 8*r. Suppose -2*v - 230 = -238. Let s(p) = -3*p - p + 4*p**2 + 2*p**2. Let t(n) = v*x(n) - 7*s(n). Calculate t(4).
16
Let z(v) be the third derivative of v**5/60 - v**4/8 - 3*v**3/2 + 2*v**2 + 209*v. Give z(6).
9
Let i(c) = -3*c**2 - 1. Let r(v) = -3*v - 37. Let l be r(-11). Let b be (10/l - -3)*-2*1. Calculate i(b).
-4
Let j be 4 + (-1)/(-1) + -2. Let n(w) be the first derivative of -3*w**2 + 4*w - 664. Calculate n(j).
-14
Let l be 2 + (8/(-4) - 0). Let a(q) = 4*q. Let y be a(l). Suppose -2*n - 3 + 11 = y. Let m(w) = -w**3 + 4*w**2 - 2*w + 6. Give m(n).
-2
Suppose -2*h = -c - 14, 2*h - 5*c - 21 = -h. Let f(u) = -u**2 + 6*u + 2. What is f(h)?
-5
Let i be 10/3*(-12)/(-5). Suppose i*f - 6 = 5*f. Let n be 8/(-2) + f + 1. Let m(t) = -t**2 - 2*t - 1. Determine m(n).
0
Let d be -3 - -7 - 25 - -2. Let w = d - -21. Let u(b) = 6*b**2 + 3*b - 3. Let j(q) = -7*q**2 - 3*q + 3. Let t(r) = 5*j(r) + 6*u(r). Give t(w).
7
Suppose 0 = 22*d + 4*d + 26. Let x(k) = 12*k**3 + 2*k**2 + k. Determine x(d).
-11
Let u(s) = 3 - 1 + s + 15*s**2 + 0*s + 20*s**2 - 36*s**2. What is u(0)?
2
Let m(u) = u**3 + 19*u**2 + 45*u - 51. Let z be m(-16). Let p(j) be the second derivative of -j**5/20 - j**4/6 + j**2 + 3*j. Give p(z).
11
Let g(d) be the third derivative of -d**7/5040 - d**6/360 + d**5/6 + 10*d**2. Let l(u) be the third derivative of g(u). What is l(-6)?
4
Let g(w) = 2*w - 6. Suppose -2*l = 17*l + 57. Give g(l).
-12
Let a(g) be the second derivative of -5/12*g**4 + 1/20*g**5 + g**2 + 0 - 3*g + 1/3*g**3. Suppose p - 6 = -n, 3*n = -0*n + 12. Give a(p).
-6
Let n(m) = 4*m**2 + 3*m + 1. Let z(b) = -6*b**2 - 3*b - 2. Let q(f) = -5*n(f) - 4*z(f). Give q(2).
13
Let i(t) be the second derivative of -t**5/60 - 3*t**4/8 - 7*t**3/6 - 4*t**2 + 5*t. Let r(n) be the first derivative of i(n). Let j = -10 - -4. What is r(j)?
11
Suppose -6*m + 60 + 36 = 0. Let s(k) = 11*k**2 - m*k**2 - k + 2 + 4*k**2. Suppose q - 22 = -4*n, -4*q + 3 = -3*n + 2*n. Determine s(q).
-4
Let y(d) = -d - 758*d**2 + 4*d + 6*d + 757*d**2 + 0*d. What is y(10)?
-10
Let j(t) = -5*t - 5. Let b(p) = p + 1. Let l(q) = 4*b(q) + j(q). Determine l(0).
-1
Let d(r) be the first derivative of 17*r**5/20 + r**4/6 + r**3/6 - 19*r + 11. Let o(q) be the first derivative of d(q). Determine o(-1).
-16
Let n be (-222)/18 - 4/(-3). Let u = n + 22. Suppose 0 = r + 14 - u. Let d(s) = 4*s + 3. Calculate d(r).
-9
Let w = -350 - -346. Let q be (-18)/(-8) + 2/(-8). Let p(s) = -8 + q - 4*s**2 + 2*s**2 - 7*s. Give p(w).
-10
Suppose 0 = 2*t - 2*v + 8, -3*v + v + 12 = -4*t. Let r(p) = -5*p - 1. Determine r(t).
9
Let g(t) be the first derivative of -t**4/12 + t**3/2 + t**2/2 + 6*t + 19. Let q(r) be the first derivative of g(r). What is q(-2)?
-9
Let b(t) be the second derivative of -4*t**3/3 - t**2/2 + t. Let l(u) = u**2 + 19*u - 12. Let g be l(-20). Let k be (g - 9) + (1 - (0 + -1)). What is b(k)?
-9
Let c = 54614 - 54619. Let n(j) be the first derivative of -1/4*j**4 - 1 - 2*j**3 - 3/2*j**2 + 7*j. Determine n(c).
-3
Let v(x) = -4*x + 10. Let s(f) = -4*f + 11. Let i = 40 + -34. Let k(b) = i*v(b) - 5*s(b). Calculate k(4).
-11
Suppose 0 = -i + 1 - 6. Let a = 1 + i. Let q(l) = 7*l**3 - l**2 + 2*l - 5. Let j(m) = 8*m**3 - 2*m**2 + 2*m - 5. Let o(d) = 6*j(d) - 7*q(d). Give o(a).
-3
Let p(n) be the third derivative of 1/24*n**4 + 4*n**2 + 0 + 0*n + 0*n**3. Calculate p(-1).
-1
Let o(n) = n**3 + 5*n**2 + 3*n + 2. Let s(b) = -1 + 13 + 9 - 2*b - 4. Let d be s(7). Suppose 2 = d*h + 14. What is o(h)?
6
Let p(s) = -s + 17. Let j(l) = -4*l + 52. Let b(t) = -2*j(t) + 7*p(t). Calculate b(-11).
4
Let x(c) = -c**2 - 2*c + 1. Let s(o) = -o - 8. Let n = 23 - 33. Let w be s(n). Suppose 2*f - 6 = w*v, 5*v - 27 = -4*f - 6. Determine x(v).
-2
Suppose 3*q - 2*l - 51 = -19, 4